 = -3*i - 10. Suppose -i*r + 5*d = 35, -6*r + r - 11 = d. Does 6 divide (r + 9)*(0 + 1)?
True
Suppose -3 + 0 = -v. Suppose 2*f = -5*l + 4, -3*f + 2*l + 23 = l. Let y = f - v. Does 4 divide y?
True
Suppose -7*x + 238 = -5*x. Is x a multiple of 9?
False
Suppose 9 - 24 = f. Let k = f + 34. Is k a multiple of 8?
False
Suppose 5*p - 28 = 12. Does 2 divide p?
True
Is ((-18)/(-10))/(-3) - (-343)/5 a multiple of 17?
True
Suppose f - 340 = -4*f - 4*u, -2*f + 3*u = -113. Is 8 a factor of f?
True
Suppose 0 = 2*s - 2*r + 50, 0*s + 2*r = -s - 10. Is 177/5 - (-8)/s a multiple of 16?
False
Let c = 9 - -32. Does 26 divide c?
False
Let k be (0 + 2)*141/6. Let l be 3/(-9)*-3*157. Suppose 4*m - k = l. Is 18 a factor of m?
False
Suppose 22 = n + 56. Let w = 48 + n. Is 4 a factor of w?
False
Let h(a) = 15*a + 4. Let v(u) = 4*u + 1. Let l(p) = -2*h(p) + 9*v(p). Suppose 4*s + 16 = 4, 5*i + 4*s - 18 = 0. Is 21 a factor of l(i)?
False
Suppose 2*a + 16 = -4*n, 0 = -4*a - 3*n + 2 - 14. Suppose -t + 0*t + 4 = a. Suppose -t*d = d - 160. Does 16 divide d?
True
Let h = 29 - 17. Is h - (-1)/(2/(-2)) a multiple of 11?
True
Let j be ((-210)/4)/(4/(-16)). Suppose -5*i - j = -10*i. Suppose 7*z - 6*z = i. Does 16 divide z?
False
Suppose -17 = -5*s + 2*q, 4 - 17 = -4*s + q. Suppose 3*y - j - j = 25, 0 = -s*y - 5*j - 10. Suppose 15 = y*r - 0*r. Is 2 a factor of r?
False
Let p = 537 - 329. Is 16 a factor of p?
True
Let c = 40 - 6. Does 13 divide c?
False
Suppose h + 36 = 12. Let r be ((-4)/8)/(2/h). Suppose -3*a - r*v = -3*v - 117, -2*v = -4*a + 162. Is a a multiple of 14?
False
Let g be 0 - (-3 - -3)/(-3). Suppose -4*s + 3 + 13 = g. Suppose -5 = -3*m + s. Is 3 a factor of m?
True
Is 14 a factor of (1 - 1)/(-3) - -14?
True
Let g(v) = 7*v**2 + v + 3. Does 5 divide g(2)?
False
Let t = 1 + 0. Suppose -2*s + 11 = t. Suppose -60 = -s*k - j, 5*k - 40 - 10 = j. Does 11 divide k?
True
Let m = 19 + -40. Let f = -10 - m. Is f a multiple of 3?
False
Suppose -o + 57 = 2*o. Does 13 divide o?
False
Let d(c) = -11*c. Does 15 divide d(-6)?
False
Let i = 181 - 100. Is i a multiple of 4?
False
Let h(b) = -3*b**3 - 1. Let o be h(-1). Let g = o - 0. Suppose -5*s + 6 = l - 14, 8 = g*s + l. Does 4 divide s?
True
Suppose -4 = -4*n + 8. Suppose 22 = n*r - 161. Suppose -5*u + 2*o + 53 = -10, r = 5*u - 4*o. Is u a multiple of 13?
True
Suppose -2*z = -5*z + 117. Suppose 2*x + 14 = 3*r, 7*x - z = -3*r + 4*x. Does 5 divide r?
False
Let i(k) = 4*k. Suppose 9*j - 3*r + 5 = 4*j, 0 = j + 4*r - 22. Does 8 divide i(j)?
True
Let n be -1 - 1 - (-8)/2. Let g be (-1 + n)/((-5)/(-25)). Suppose -80 = -4*a - a - g*i, 5*i = 4*a - 100. Is a a multiple of 20?
True
Let f(u) = 4*u - 2. Let t be f(2). Is (-17)/(-5) + t/(-15) a multiple of 3?
True
Let p be (2/4)/((-3)/(-96)). Is 8 a factor of (p/6 - 3)*-51?
False
Let c = -434 + 892. Is c a multiple of 18?
False
Suppose l + 12 = 2*x, 2*x = -4*l - 3 + 35. Is 2 a factor of x?
True
Suppose -4 = d, -4*v + 3*d + 15 = -v. Let t be 8/2 - (v + 2). Is t/(-4) - (-78)/24 a multiple of 3?
True
Let r = 8 - 6. Suppose 0 = r*o - 4*w - 9 + 1, 2*o - 2*w = 0. Is o/18 - (-87)/27 a multiple of 2?
False
Let w(l) = 2*l - 3. Does 3 divide w(6)?
True
Does 13 divide (-18)/63 + 793/7?
False
Suppose -2*t + 336 = 2*t. Suppose -2*x + n = -56, 3*x - n - t = -3*n. Does 14 divide x?
True
Let s be 3/(27/42)*-3. Let r = 28 + s. Does 7 divide r?
True
Let v = 9 - 14. Let q(x) = -x**2 - 9*x + 3. Is q(v) a multiple of 7?
False
Suppose -4*q + 150 = -210. Does 20 divide q?
False
Let d(z) = -z**2 - 5*z + 3. Let u be d(-4). Is 3 a factor of u - (-1 - 0)/(-1)?
True
Suppose -5*z + v + 12 = 0, 3*z = 4*v + 1 + 13. Suppose 0 = -z*t + 3*t - 17. Does 15 divide t?
False
Let x(n) = n**2 - n - 5. Let j be x(0). Let k(r) = -2*r + 2. Is 8 a factor of k(j)?
False
Suppose 0 = -3*g + 5*g. Suppose 4*y = 5*y - 4. Does 9 divide g/y + (19 - 1)?
True
Suppose -26 = -2*n + 8. Let h = n - 5. Is 12 a factor of h?
True
Let c be -1*(5 + 0) + 0. Let k = c + 7. Suppose 3*f - f = -4*z, -k*z = -5*f + 36. Is 4 a factor of f?
False
Suppose 2*c + 3*h - 44 = 0, 3*h + 31 = -0*c + c. Is 3 a factor of c?
False
Let h be (2/(-3))/((-4)/18). Suppose h*i - 3*p = 48, 4 = -3*p + 1. Does 15 divide i?
True
Let v = -28 - -15. Let h(t) = t**2 + 13*t + 18. Is 9 a factor of h(v)?
True
Let w(y) = 5*y + 14. Let i(u) = -u - 1. Let s(o) = 6*i(o) + w(o). Let n be s(0). Let b(p) = -p**3 + 8*p**2 + 5*p + 4. Does 13 divide b(n)?
False
Is 33 a factor of -2 + (3 - (-182)/2)?
False
Let i = 90 + -43. Does 13 divide i?
False
Let i = -1 + 1. Suppose i = 2*x + 2 + 8. Let g = 9 - x. Is g a multiple of 14?
True
Suppose -2*c - 3*j = -0*c - 21, 4*c + 3*j = 27. Let s = 3 + 8. Let u = c + s. Is u a multiple of 8?
False
Suppose 4*p - 36 = -0*p. Suppose -7*g = -2*g. Let m = g + p. Is 6 a factor of m?
False
Is 2/8 + 1397/44 a multiple of 16?
True
Suppose 0*f - 5*f - 26 = -4*k, -3*k = -5*f - 22. Suppose 5*z = k*c - c - 1, 3*c - 2 = 4*z. Let h = c + 4. Is h a multiple of 3?
True
Suppose 5*f = -3*l + 11, 2*l = 3*f + l - 15. Let i(c) = -4*c - 2. Let q be i(-4). Is 18 a factor of 720/28 + f/q?
False
Let w = -4 + 10. Let f(c) = 0*c + 4*c - c - 1. Does 11 divide f(w)?
False
Suppose -b = -6*b + 3*o + 50, 5*o = b - 32. Let x = b - 2. Does 2 divide x?
False
Suppose 2*c = -c + 174. Is c a multiple of 15?
False
Let j = 149 - 105. Suppose -5*l + 18 = -22. Does 9 divide (j/l)/(1/4)?
False
Let x(d) = -d**2 + 6*d + 2. Let g be x(6). Suppose -g*c = -3*w, -2*c - 4*w + w = -24. Does 6 divide c?
True
Let c be (-456)/32*(-8)/2. Let n = c - 40. Is n a multiple of 5?
False
Suppose -2*k = -15 + 9. Suppose 5*h + 10 = 3*h, -i - k*h - 1 = 0. Does 7 divide i?
True
Is 31 a factor of (-360)/(-27)*150/8?
False
Suppose -6*l - 4*l + 500 = 0. Is l a multiple of 15?
False
Let n(q) = q + 17. Let k be n(-10). Suppose -4*u = 3*m + k, 3 = -m - 2*u + 2. Let v = m + 17. Is v a multiple of 6?
True
Let w(k) = k. Let b be w(0). Suppose -4*o + 2*o + 157 = 3*s, b = -2*s - 5*o + 90. Does 22 divide s?
False
Let x = 6 + -6. Suppose x*b - 111 = -3*b. Does 15 divide b?
False
Let l = 7 + -4. Let o = 5 - l. Suppose -4*a + 28 = 3*s, -3*a - o*s + 5*s = -21. Is a a multiple of 7?
True
Does 21 divide (-1*(51 - -2))/(-1)?
False
Let f(k) = -k**3 + 3*k + 2. Let w be f(-2). Suppose -4*b - 3*h + 20 = 0, 2 = 4*b - 4*h + 10. Is b/3*30/w a multiple of 5?
True
Let a = 0 + 8. Suppose 70 = 3*c - 3*p - a, 2*c + 5*p = 66. Does 13 divide c?
False
Let l(u) = u + 81. Let x be l(0). Does 5 divide (-4)/16 + x/4?
True
Suppose 4*y + 0*y - 576 = 0. Let h = -87 + y. Is h a multiple of 19?
True
Suppose -p = o, -3 = -3*p + 2*o - 28. Let v(c) = -7*c**3 - 7*c**2 - 7*c - 1. Let z(s) = -s**3 + 1. Let m(y) = -v(y) + 6*z(y). Is 17 a factor of m(p)?
False
Let a(u) = 1 + 0*u**2 - u**3 + u + 2 - 5*u**2. Let f be a(-5). Let y = 18 - f. Is y a multiple of 20?
True
Suppose -n = a + 3, 3*n + 2 = -5*a - 1. Suppose -4*v + 1 = -5*v. Let k = v - n. Is k a multiple of 5?
True
Suppose -2 = 2*w - 86. Is 5 a factor of w?
False
Suppose r = 2*r + 8. Let k = 26 + r. Suppose 3*p + 15 = f, 3*f - 71 = -2*p + k. Does 11 divide f?
False
Suppose -4*o + 3 = -9. Suppose -2*y = -j - 8, -6*y + 3*j + 18 = -o*y. Is y a multiple of 2?
True
Suppose 2*y - 7 = -b, 2*y - 3 - 1 = 0. Suppose 2*q - 4*s - 168 = -2*q, -b*q = 2*s - 136. Is 22 a factor of q?
True
Let z(t) = 3*t - 6. Let n be z(4). Is 9/n*16/3 a multiple of 3?
False
Let h = -54 - -89. Is h a multiple of 13?
False
Let p(q) = q**3 - 2*q + 3. Does 4 divide p(2)?
False
Suppose 0 = -a - a. Suppose a = 2*h - 3*h - 3. Let r(t) = -4*t - 1. Is r(h) a multiple of 11?
True
Suppose -h - 4*g = -4*h - 2, 7 = 2*h - g. Is h a multiple of 6?
True
Let k = 269 - 185. Does 28 divide k?
True
Let n = -16 - 11. Is (-2 - 1)*450/n a multiple of 11?
False
Let t = -3 + 3. Let r = 2 + t. Suppose 5*n = 3*b + 29, b + 2*b = -r*n + 20. Is 3 a factor of n?
False
Suppose 4*h = 8, 2*c - 3*c + 14 = h. Let n = c - 6. Does 3 divide n?
True
Is 10 a factor of (-78)/(6/(-2 - 1))?
False
Let f(h) be the third derivative of -h**6/120 + 3*h**5/20 + 13*h**4/24 + 2*h**2. Is 10 a factor of f(10)?
True
Let c(z) = -z + 9. Let r be c(6). Suppose 0 = 5*b + 4*o - 46, r*b - 2*o - 14 = -o. Is 3 a factor of (-16)/(-3)*9/b?
False
Let z = 155 + -17. Does 23 divide z?
True
Suppose -3*p = 2*j - 6*j - 820, -5*